s of 1985.
5, 397
List the prime factors of 13817.
41, 337
What are the prime factors of 9150?
2, 3, 5, 61
What are the prime factors of 6569?
6569
List the prime factors of 56481.
3, 67, 281
What are the prime factors of 3402?
2, 3, 7
What are the prime factors of 25585?
5, 7, 17, 43
List the prime factors of 1281.
3, 7, 61
List the prime factors of 1458.
2, 3
List the prime factors of 59752.
2, 7, 11, 97
List the prime factors of 2868.
2, 3, 239
List the prime factors of 913.
11, 83
What are the prime factors of 23572?
2, 71, 83
What are the prime factors of 130060?
2, 5, 7, 929
List the prime factors of 7704.
2, 3, 107
What are the prime factors of 5108?
2, 1277
What are the prime factors of 32188?
2, 13, 619
What are the prime factors of 2368?
2, 37
What are the prime factors of 1182?
2, 3, 197
What are the prime factors of 35516?
2, 13, 683
List the prime factors of 7.
7
List the prime factors of 51.
3, 17
What are the prime factors of 4361?
7, 89
List the prime factors of 1238.
2, 619
List the prime factors of 2451.
3, 19, 43
List the prime factors of 18874.
2, 9437
What are the prime factors of 778?
2, 389
List the prime factors of 8485.
5, 1697
What are the prime factors of 11498?
2, 5749
List the prime factors of 3777.
3, 1259
What are the prime factors of 4451?
4451
What are the prime factors of 2463?
3, 821
List the prime factors of 99045.
3, 5, 31, 71
List the prime factors of 466.
2, 233
What are the prime factors of 908?
2, 227
What are the prime factors of 2443?
7, 349
List the prime factors of 540.
2, 3, 5
List the prime factors of 60.
2, 3, 5
List the prime factors of 21137.
23, 919
List the prime factors of 26765.
5, 53, 101
List the prime factors of 3984.
2, 3, 83
What are the prime factors of 41665?
5, 13, 641
List the prime factors of 2844.
2, 3, 79
What are the prime factors of 1759?
1759
What are the prime factors of 19546?
2, 29, 337
What are the prime factors of 33594?
2, 3, 11, 509
What are the prime factors of 9837?
3, 1093
What are the prime factors of 218?
2, 109
What are the prime factors of 38273?
38273
List the prime factors of 20700.
2, 3, 5, 23
What are the prime factors of 19984?
2, 1249
List the prime factors of 3215.
5, 643
What are the prime factors of 139517?
7, 19, 1049
List the prime factors of 113638.
2, 7, 8117
List the prime factors of 42259.
7, 6037
What are the prime factors of 837?
3, 31
What are the prime factors of 75705?
3, 5, 7, 103
What are the prime factors of 1146?
2, 3, 191
What are the prime factors of 13939?
53, 263
List the prime factors of 6614.
2, 3307
What are the prime factors of 1684?
2, 421
What are the prime factors of 45907?
29, 1583
What are the prime factors of 31438?
2, 11, 1429
List the prime factors of 230.
2, 5, 23
List the prime factors of 24381.
3, 7, 43
List the prime factors of 43821.
3, 541
List the prime factors of 1435.
5, 7, 41
List the prime factors of 32105.
5, 6421
List the prime factors of 37913.
31, 1223
What are the prime factors of 9756?
2, 3, 271
What are the prime factors of 10401?
3, 3467
What are the prime factors of 9254?
2, 7, 661
What are the prime factors of 9966?
2, 3, 11, 151
What are the prime factors of 1543?
1543
List the prime factors of 125143.
23, 5441
List the prime factors of 1624.
2, 7, 29
What are the prime factors of 1450?
2, 5, 29
List the prime factors of 146699.
7, 19, 1103
List the prime factors of 5861.
5861
What are the prime factors of 1625?
5, 13
List the prime factors of 1865.
5, 373
What are the prime factors of 18598?
2, 17, 547
List the prime factors of 39658.
2, 79, 251
List the prime factors of 13537.
13537
What are the prime factors of 2407?
29, 83
What are the prime factors of 11953?
11953
What are the prime factors of 7033?
13, 541
List the prime factors of 2415.
3, 5, 7, 23
List the prime factors of 3057.
3, 1019
List the prime factors of 3733.
3733
What are the prime factors of 2070?
2, 3, 5, 23
List the prime factors of 4658.
2, 17, 137
What are the prime factors of 66892?
2, 7, 2389
What are the prime factors of 28104?
2, 3, 1171
List the prime factors of 6523.
11, 593
List the prime factors of 112280.
2, 5, 7, 401
List the prime factors of 15.
3, 5
List the prime factors of 36994.
2, 53, 349
List the prime factors of 1217.
1217
What are the prime factors of 2492?
2, 7, 89
What are the prime factors of 4732?
2, 7, 13
What are the prime factors of 56?
2, 7
What are the prime factors of 1052?
2, 263
What are the prime factors of 14958?
2, 3, 277
List the prime factors of 154.
2, 7, 11
List the prime factors of 1944.
2, 3
What are the prime factors of 3962?
2, 7, 283
What are the prime factors of 1834?
2, 7, 131
What are the prime factors of 16857?
3, 1873
What are the prime factors of 1288?
2, 7, 23
What are the prime factors of 1347?
3, 449
List the prime factors of 495.
3, 5, 11
What are the prime factors of 54216?
2, 3, 251
What are the prime factors of 3658?
2, 31, 59
What are the prime factors of 1585?
5, 317
List the prime factors of 16646.
2, 7, 29, 41
List the prime factors of 15046.
2, 7523
List the prime factors of 84664.
2, 19, 557
What are the prime factors of 4198?
2, 2099
List the prime factors of 8308.
2, 31, 67
What are the prime factors of 16936?
2, 29, 73
List the prime factors of 155202.
2, 3, 25867
List the prime factors of 1769.
29, 61
What are the prime factors of 5617?
41, 137
List the prime factors of 2176.
2, 17
List the prime factors of 7811.
73, 107
What are the prime factors of 2759?
31, 89
List the prime factors of 15398.
2, 7699
List the prime factors of 2803.
2803
What are the prime factors of 633?
3, 211
List the prime factors of 171.
3, 19
What are the prime factors of 3049?
3049
What are the prime factors of 10297?
7, 1471
List the prime factors of 7371.
3, 7, 13
What are the prime factors of 1070?
2, 5, 107
What are the prime factors of 96953?
96953
List the prime factors of 4920.
2, 3, 5, 41
List the prime factors of 158909.
158909
List the prime factors of 1555.
5, 311
What are the prime factors of 6715?
5, 17, 79
List the prime factors of 31048.
2, 3881
What are the prime factors of 318?
2, 3, 53
List the prime factors of 162791.
162791
List the prime factors of 11654.
2, 5827
What are the prime factors of 48308?
2, 13, 929
What are the prime factors of 1725?
3, 5, 23
What are the prime factors of 3503?
31, 113
List the prime factors of 4729.
4729
What are the prime factors of 36314?
2, 67, 271
What are the prime factors of 253?
11, 23
What are the prime factors of 7710?
2, 3, 5, 257
List the prime factors of 2815.
5, 563
What are the prime factors of 860?
2, 5, 43
What are the prime factors of 2860?
2, 5, 11, 13
List the prime factors of 4263.
3, 7, 29
What are the prime factors of 13461?
3, 7, 641
What are the prime factors of 87876?
2, 3, 2441
List the prime factors of 831.
3, 277
List the prime factors of 15828.
2, 3, 1319
What are the prime factors of 117512?
2, 37, 397
What are the prime factors of 228?
2, 3, 19
What are the prime factors of 13130?
2, 5, 13, 101
What are the prime factors of 3002?
2, 19, 79
What are the prime factors of 3326?
2, 1663
What are the prime factors of 6378?
2, 3, 1063
What are the prime factors of 1489?
1489
What are the prime factors of 325?
5, 13
What are the prime factors of 110?
2, 5, 11
List the prime factors of 1771.
7, 11, 23
List the prime factors of 22521.
3, 7507
List the prime factors of 25216.
2, 197
List the prime factors of 1531.
1531
List the prime factors of 5123.
47, 109
What are the prime factors of 1373?
1373
What are the prime factors of 16107?
3, 7, 13, 59
What are the prime factors of 3342?
2, 3, 557
List the prime factors of 3083.
3083
List the prime factors of 19737.
3, 17, 43
List the prime factors of 6630.
2, 3, 5, 13, 17
List the prime factors of 39747.
3, 13249
What are the prime factors of 8985?
3, 5, 599
What are the prime factors of 8819?
8819
What are the prime factors of 2787?
3, 929
List the prime factors of 828.
2, 3, 23
List the prime factors of 348.
2, 3, 29
What are the prime factors of 4333?
7, 619
List the prime factors of 1048.
2, 131
List the prime factors of 1473.
3, 491
List the prime factors of 1407.
3, 7, 67
What are the prime factors of 93634?
2, 46817
What are the prime factors of 1240?
2, 5, 31